e factors of m.
2, 3
Let t(c) = -c**2 - 1. Let q be t(-2). Let g(a) = -a**2 - 3*a - 3. Let k(j) = 5*j**2 + 15*j + 15. Let y(n) = -11*g(n) - 2*k(n). List the prime factors of y(q).
13
Let a be 2/1 - 3 - -1. Suppose -2*s = -a*s - 10. List the prime factors of ((-2)/1)/((-5)/s).
2
Let p(m) = 6*m**3 - m**2 + m - 1. Let n be p(1). Suppose -n*s = -76 - 129. What are the prime factors of s?
41
Suppose -9*f + 7*f = -242. List the prime factors of f.
11
Suppose p + 7 = 10. Suppose -5*v = -9 - 6. Suppose 39 + v = p*r. List the prime factors of r.
2, 7
Suppose 0 = -3*t + 7*t - a - 60, -2*t = a - 30. What are the prime factors of t?
3, 5
Let a = -1 - -17. Suppose 7*i = 3*i + a. Let o(g) = g**3 - 3*g**2 + g - 3. List the prime factors of o(i).
17
Let w(t) = 3*t**2 - 3*t - 6. List the prime factors of w(4).
2, 3, 5
Let p(w) = -2*w**2 + 4*w + 3. Let x(o) = o**2 + o + 1. Let n(b) = -p(b) - x(b). Suppose i - 2*i = -7. List the prime factors of n(i).
2, 5
Let j(r) = 2*r**2 + 3*r - 7. List the prime factors of j(-7).
2, 5, 7
Let q(j) = -j**3 - 4*j**2 + 7*j. Let l be q(-6). Suppose 4*t - 2*d - 74 = 2, -2*t = -5*d - l. What are the prime factors of t?
2, 5
Let s(w) = w + 3. Let c be s(5). Let l be (-2*1)/((-4)/c). Suppose 3*f + 30 = 5*r - r, l*f - 26 = -2*r. What are the prime factors of r?
3
Let n(d) = d**3 + 14*d**2 + d + 41. What are the prime factors of n(-13)?
197
Let i = -32 + 60. Suppose 7*n - 3*n - i = 0. What are the prime factors of n?
7
Let o(u) = 4*u**2 - 5*u**2 + 4*u**2. Let d be o(1). Let v = 8 - d. List the prime factors of v.
5
Let a(w) = 4*w - 5. Suppose 4*q = 3*q + 4. Let f be a(q). Suppose 5*c = 29 + f. What are the prime factors of c?
2
Let q be 0/5 - (-3 + 1). Let n be (-36)/8 + q/4. Let g = n + 18. List the prime factors of g.
2, 7
Suppose b + 2*y - 9 = 17, 107 = 4*b + 5*y. What are the prime factors of b?
2, 7
Let p(k) be the first derivative of -k + 1/4*k**4 + 5/3*k**3 + 1/2*k**2 + 2. What are the prime factors of p(-2)?
3
List the prime factors of -3 + 4 + -1 + 91.
7, 13
Let m = -1 + 0. Let k be ((-10)/4)/(m/(-6)). Let c = -11 - k. What are the prime factors of c?
2
Let x be (30/20)/(3/4). Suppose -x*z = -6*z + 80. What are the prime factors of z?
2, 5
Let l(n) = -2*n**2 + 12*n + 2. Let a be l(6). Suppose -3*k - 36 = -0*k. What are the prime factors of k*(-1)/a*2?
2, 3
Let m(p) = -73*p - 1. Let t be m(-2). Let j = -85 + t. Suppose 0 = i - 6*i + j. List the prime factors of i.
2, 3
Let m(p) = p**3 + 3*p**2 - 5*p - 4. Let i be m(-4). Suppose i = 8*v - 4*v - 16. Suppose 3*y + 5*w - 53 = 3*w, -y + 13 = -v*w. What are the prime factors of y?
17
Let b(x) = 2*x**2 + 2*x + 21. What are the prime factors of b(8)?
3, 5, 11
Let k = 129 + -285. What are the prime factors of (-4)/(-3)*k/(-8)?
2, 13
Let d = 13 + -3. What are the prime factors of (-2 - -1)/((-2)/d)?
5
Suppose 0 = -2*o - 4*j + 72, -4*o - j = -5*j - 144. What are the prime factors of o?
2, 3
Let b = 12 + -18. Let z = 10 + b. Suppose 19 = z*j - m, m + 2 - 7 = 0. What are the prime factors of j?
2, 3
Let z = 73 - 8. List the prime factors of z.
5, 13
Let k(w) = -2*w + 19. Let i be k(-8). Suppose 5*l = 3*r - 53, 3*r = -5*l + 8 + i. What are the prime factors of r?
2
Let u(l) = -l**2 + 6*l - 4. Let g be u(5). What are the prime factors of ((-1)/2)/(g/(-28))?
2, 7
Let j be 3*5*8/6. Let r be (7 - (2 - 3)) + 4. Let f = j - r. List the prime factors of f.
2
Suppose -140 = -6*k + 2*k. What are the prime factors of k?
5, 7
Let u = 4 - 1. Suppose -12 = -u*v - 3. Suppose -v*p = -7*p + 28. List the prime factors of p.
7
Let v(y) = y - 18. Let t be v(0). Let w = -7 - t. What are the prime factors of w?
11
Suppose -4 - 8 = -3*d. Let s(l) = 3*l**2 - l**2 + l - d + 2. What are the prime factors of s(2)?
2
Let i(j) = j**3 - j**2. Let m be i(1). Suppose 0 = 2*q - 6 - m. Suppose q*y = 18 - 3. What are the prime factors of y?
5
Suppose 0*s + 3*s = -j + 16, 0 = 4*j + 3*s - 64. Let q = 8 + j. List the prime factors of q.
2, 3
Let i = 145 + -101. What are the prime factors of (i + -2)/(6/4)?
2, 7
Suppose 2*k = -10 - 2. Let x be (-1 - 2)*4/k. Suppose 5*r = x*u + 64, 57 - 4 = 4*r - u. What are the prime factors of r?
2, 7
Let z = -5 + 1. Let c = z + 4. Suppose c*d + 4 = d. What are the prime factors of d?
2
Suppose g = 2*g - 6. Let z be ((-4)/3)/((-4)/g). Suppose 3*d = v - 7, 0 = 2*v + z*d - 11 - 3. What are the prime factors of v?
7
Let g = 35 - 21. Let k be 3/(-2)*(-20)/6. Suppose d - k*w = 12, -d = -3*d + 5*w + g. List the prime factors of d.
2
Let d(y) = 108*y + 3. What are the prime factors of d(1)?
3, 37
Suppose 2*x - 3*x - 4*m - 24 = 0, -2*m - 8 = 0. List the prime factors of (6/x)/((-6)/24).
3
Let l(r) = 6 + 6*r + 5*r**2 - 3 - 2*r + 4*r**2. List the prime factors of l(-2).
31
Suppose 2*g = -3*g + 15. What are the prime factors of g/(4/((-60)/(-9)))?
5
Let l = 1 - -6. What are the prime factors of l?
7
Let u = -16 + 22. Let i = u + -4. Suppose -3*d + 3 + 9 = 3*f, i*f + 4 = 2*d. List the prime factors of d.
3
Let t(v) = v**3 - 2*v**2 + 1. Let q = -6 - -9. What are the prime factors of t(q)?
2, 5
Suppose -4*i + 16 = -2*i. Suppose r - 1 = -3. What are the prime factors of (-3 - r - i)/(-1)?
3
What are the prime factors of 3 + (2149/7)/(2/2)?
2, 5, 31
Let n = -14 + 18. List the prime factors of n.
2
Let k(w) = -w**2 + 9*w + 3. Let y be k(9). Suppose d = y*s - 3*d - 6, s - 21 = -5*d. What are the prime factors of s?
2, 3
Suppose 5*c + 4*f = 32, -c + 3*f = 4 + 1. Let y be c/(-16) + (-62)/8. List the prime factors of (-58)/y + (-3)/12.
7
Suppose 5*d - w = -2*w + 24, 19 = 3*d - 4*w. Suppose -8 - 22 = -d*x. List the prime factors of x.
2, 3
Suppose 3*p - 2*p + 237 = 3*s, 4*p = 0. List the prime factors of s.
79
Let w be ((-3)/(-4))/(1/16). Suppose 0 = 3*f + w, 5*x + 6*f + 37 = 3*f. Let n = x - -10. List the prime factors of n.
5
Let q be -17 + -3*(-4)/6. Let w = q + 23. List the prime factors of w.
2
Suppose -15 = 3*b, 5*h = 3*b + b + 45. Let m(j) = 2*j - 2. Let v be m(4). Suppose n = d + v, n - 16 = h*d + 2. List the prime factors of n.
3
Let h = -1 + 4. Suppose 5*c - 67 = 4*b, h*c - 3*b = b + 45. What are the prime factors of c?
11
Suppose 29 = i - 2*l - 0*l, 2*i - 73 = -l. List the prime factors of i.
5, 7
Let v = 4 + -2. Let d(j) = 3*j**2 + j. Let g be d(-2). Suppose 0 = v*n + 2*f - g - 6, -2*f = n - 6. List the prime factors of n.
2, 5
Let p = -591 + 891. List the prime factors of p.
2, 3, 5
Let u be 4/10 - 14/35. Suppose u = 2*l - l - 11. List the prime factors of l.
11
Suppose 0 = i - 4, 0 = 2*l + i + 4*i - 38. Let p = 7 - l. List the prime factors of 0/(-1) - (p + 0).
2
Let i = 226 + 8. What are the prime factors of i?
2, 3, 13
Suppose -6 = l - 4*l. Suppose 2*o - y = 20, 0 = l*o + 3*y - 5 + 1. List the prime factors of o.
2
Let f(p) = p**3 - 3*p**2 - 2*p - 3. Let n(z) = -z**3 - 1. Let t(r) = f(r) + 2*n(r). List the prime factors of t(-4).
19
Let b(p) = -p**2 + 10*p - 1. Let x be b(10). What are the prime factors of x/(((-4)/26)/2)?
13
Let u = 411 + -226. What are the prime factors of u?
5, 37
Suppose -y - 2*y + 27 = 0. Let q(h) = -5*h**3 + 8*h**2 + 12*h + 13. Let o(c) = -c**3 + c. Let v(g) = -4*o(g) + q(g). List the prime factors of v(y).
2
Let g = -10 - -10. What are the prime factors of (-3 - g)*272/(-24)?
2, 17
Let x = 30 - -46. List the prime factors of x.
2, 19
Let j be 2/7 + (-66)/(-14). Suppose -5*i + 0*i - 5*p = -15, -2*i - j*p + 3 = 0. List the prime factors of (-12)/(-15)*10/i.
2
Let t(y) = -y**3 - 6*y**2 + 8*y + 2. Let l be t(-7). Let k be (5 + l)*(-1 + 2). Suppose -w + 4*w - 18 = k. List the prime factors of w.
2, 3
Let t be 50/(-20)*16/(-10). What are the prime factors of -2*(20*-1)/t?
2, 5
Let y = -97 - -208. Suppose 5*j + 11 = y. What are the prime factors of j?
2, 5
Suppose -y = 5*o - 19 - 18, -5*y - 55 = -5*o. List the prime factors of o.
2
Let m(i) = 8*i - i**2 + 1 + 3 - 3. Let r be m(6). Let j = -3 + r. What are the prime factors of j?
2, 5
Let a = 18 - 4. What are the prime factors of a?
2, 7
Let v(z) = z**3 + 9*z**2 + 4. Let f be v(-9). List the prime factors of 2 - f/6*-6.
2, 3
Let u(s) be the second derivative of -s**5/10 - s**4/3 - s**3/2 + 3*s. Let a be u(-2). Let x(t) = 3*t - 6. What are the prime factors of x(a)?
2, 3
List the prime factors of 92/(5*(-4)/(-40)).
2, 23
Let m = 3